, 3, 97, 691
What are the prime factors of 224031?
3, 53, 1409
List the prime factors of 22224.
2, 3, 463
List the prime factors of 15944720.
2, 5, 11, 18119
List the prime factors of 131341.
7, 29, 647
List the prime factors of 170490.
2, 3, 5, 5683
List the prime factors of 217630.
2, 5, 7, 3109
List the prime factors of 154156.
2, 17, 2267
What are the prime factors of 6185996?
2, 1546499
List the prime factors of 655416.
2, 3, 9103
What are the prime factors of 913770?
2, 3, 5, 11, 13, 71
List the prime factors of 180191.
11, 16381
What are the prime factors of 9523595?
5, 1904719
What are the prime factors of 7080113?
23, 307831
What are the prime factors of 1125120?
2, 3, 5, 293
What are the prime factors of 17219017?
1451, 11867
List the prime factors of 326333.
7, 46619
List the prime factors of 3114749.
11, 283159
List the prime factors of 57269.
57269
What are the prime factors of 3111460?
2, 5, 11, 14143
List the prime factors of 2213835.
3, 5, 13, 11353
List the prime factors of 1067478.
2, 3, 177913
What are the prime factors of 379195?
5, 181, 419
List the prime factors of 117973.
117973
List the prime factors of 753619.
753619
What are the prime factors of 101336?
2, 53, 239
What are the prime factors of 11116206?
2, 3, 37, 16691
What are the prime factors of 5432668?
2, 1358167
What are the prime factors of 671422?
2, 19, 17669
What are the prime factors of 3327728?
2, 241, 863
List the prime factors of 650717.
383, 1699
What are the prime factors of 10539713?
619, 17027
What are the prime factors of 1603956?
2, 3, 73, 1831
List the prime factors of 3436074.
2, 3, 17, 19, 197
What are the prime factors of 991239?
3, 330413
List the prime factors of 1029848.
2, 23, 29, 193
List the prime factors of 3407921.
11, 309811
List the prime factors of 23653.
7, 31, 109
What are the prime factors of 6078746?
2, 19, 347, 461
List the prime factors of 96513.
3, 53, 607
What are the prime factors of 248395?
5, 7, 47, 151
List the prime factors of 3880677.
3, 1293559
What are the prime factors of 39985?
5, 11, 727
What are the prime factors of 26498050?
2, 5, 529961
What are the prime factors of 500320?
2, 5, 53, 59
List the prime factors of 63343.
7, 9049
What are the prime factors of 2326369?
2326369
List the prime factors of 30531.
3, 10177
List the prime factors of 2901439.
701, 4139
What are the prime factors of 787203?
3, 47, 1861
What are the prime factors of 7750871?
37, 271, 773
List the prime factors of 1612306.
2, 806153
What are the prime factors of 15131311?
13, 1163947
List the prime factors of 467199.
3, 23, 37, 61
List the prime factors of 10743852.
2, 3, 7, 23, 67, 83
List the prime factors of 253448.
2, 13, 2437
What are the prime factors of 87414?
2, 3, 17, 857
What are the prime factors of 111219?
3, 131, 283
List the prime factors of 24166929.
3, 1913, 4211
List the prime factors of 1086897.
3, 7, 73, 709
List the prime factors of 10636966.
2, 5318483
What are the prime factors of 426522?
2, 3, 67, 1061
List the prime factors of 948498.
2, 3, 17, 547
What are the prime factors of 177496?
2, 11, 2017
What are the prime factors of 2289356?
2, 17, 131, 257
List the prime factors of 665727.
3, 221909
What are the prime factors of 2619093?
3, 19, 45949
What are the prime factors of 163435?
5, 32687
What are the prime factors of 3041506?
2, 13, 116981
List the prime factors of 16273688.
2, 2034211
List the prime factors of 328964.
2, 82241
List the prime factors of 17712.
2, 3, 41
List the prime factors of 122327.
122327
What are the prime factors of 114996?
2, 3, 7, 37
List the prime factors of 177770.
2, 5, 29, 613
List the prime factors of 64213.
157, 409
What are the prime factors of 3147072?
2, 3, 37, 443
What are the prime factors of 232311?
3, 211, 367
List the prime factors of 1864925.
5, 74597
What are the prime factors of 8799091?
7, 1257013
What are the prime factors of 2484306?
2, 3, 11, 12547
What are the prime factors of 11773866?
2, 3, 13, 271, 557
List the prime factors of 458664.
2, 3, 29, 659
What are the prime factors of 1337282?
2, 571, 1171
What are the prime factors of 2108204?
2, 7, 17, 43, 103
What are the prime factors of 32553900?
2, 3, 5, 4019
List the prime factors of 1678422.
2, 3, 19, 14723
List the prime factors of 1577265.
3, 5, 71, 1481
What are the prime factors of 2642821?
2642821
What are the prime factors of 171521?
7, 107, 229
What are the prime factors of 2883020?
2, 5, 7, 20593
List the prime factors of 36562614.
2, 3, 11, 17, 32587
What are the prime factors of 875331?
3, 97259
List the prime factors of 644581.
7, 92083
List the prime factors of 8213667.
3, 7, 11, 31, 37
What are the prime factors of 29965?
5, 13, 461
What are the prime factors of 1819016?
2, 227377
What are the prime factors of 893158?
2, 7, 131, 487
List the prime factors of 901037.
19, 47, 1009
List the prime factors of 5634720.
2, 3, 5, 7, 13, 43
What are the prime factors of 238918?
2, 17, 7027
What are the prime factors of 2948088?
2, 3, 11, 13, 859
List the prime factors of 106226.
2, 53113
List the prime factors of 958810.
2, 5, 95881
What are the prime factors of 5082679?
7, 726097
What are the prime factors of 35782111?
19, 269, 7001
List the prime factors of 4358763.
3, 131, 3697
What are the prime factors of 1133136?
2, 3, 43, 61
What are the prime factors of 12187109?
11, 137, 8087
List the prime factors of 243357.
3, 81119
List the prime factors of 273578.
2, 37, 3697
What are the prime factors of 35305749?
3, 197, 19913
What are the prime factors of 70833?
3, 7, 3373
What are the prime factors of 2066932?
2, 7, 73819
List the prime factors of 385102.
2, 167, 1153
What are the prime factors of 9502011?
3, 43, 571
List the prime factors of 477085.
5, 7, 43, 317
What are the prime factors of 3277685?
5, 17, 38561
What are the prime factors of 1309833?
3, 7, 17, 1223
List the prime factors of 56678.
2, 17, 1667
List the prime factors of 2127477.
3, 11, 23, 2803
List the prime factors of 3843844.
2, 960961
What are the prime factors of 1010688?
2, 3, 7, 47
List the prime factors of 148401.
3, 11, 1499
List the prime factors of 13288277.
19, 699383
What are the prime factors of 673259?
53, 12703
What are the prime factors of 7073123?
67, 229, 461
What are the prime factors of 2446289?
317, 7717
What are the prime factors of 19169?
29, 661
What are the prime factors of 43237?
43237
What are the prime factors of 219234?
2, 3, 61, 599
List the prime factors of 212683.
212683
What are the prime factors of 43996?
2, 17, 647
What are the prime factors of 39584521?
39584521
What are the prime factors of 3294173?
3294173
What are the prime factors of 23898731?
23898731
What are the prime factors of 142431?
3, 197, 241
What are the prime factors of 115502?
2, 57751
What are the prime factors of 37220?
2, 5, 1861
What are the prime factors of 4066160?
2, 5, 7, 53, 137
What are the prime factors of 16331941?
1607, 10163
List the prime factors of 876225.
3, 5, 7, 1669
What are the prime factors of 8413221?
3, 2804407
What are the prime factors of 3321832?
2, 419, 991
List the prime factors of 27790.
2, 5, 7, 397
What are the prime factors of 11756292?
2, 3, 979691
List the prime factors of 59858.
2, 173
What are the prime factors of 5342793?
3, 43, 83, 499
What are the prime factors of 18910425?
3, 5, 252139
List the prime factors of 32821855.
5, 11, 54251
What are the prime factors of 2126767?
2126767
List the prime factors of 3056796.
2, 3, 19, 41, 109
What are the prime factors of 6323039?
31, 203969
What are the prime factors of 289958?
2, 113, 1283
What are the prime factors of 2190868?
2, 83, 6599
List the prime factors of 433365.
3, 5, 167, 173
What are the prime factors of 4634935?
5, 389, 2383
List the prime factors of 8940654.
2, 3, 496703
List the prime factors of 146370.
2, 3, 5, 7, 17, 41
List the prime factors of 13791691.
43, 7459
What are the prime factors of 2382740?
2, 5, 109, 1093
What are the prime factors of 722144?
2, 22567
List the prime factors of 631163.
13, 47, 1033
What are the prime factors of 1415104?
2, 22111
List the prime factors of 665235.
3, 5, 14783
What are the prime factors of 238600?
2, 5, 1193
What are the prime factors of 2407212?
2, 3, 31, 719
List the prime factors of 186688.
